t and 14.
7
Suppose -2*k = -5*k + 78. Suppose -5*s + 203 = -0*g - 4*g, 119 = 3*s - g. What is the greatest common divisor of s and k?
13
Suppose 2*o + o + 75 = 0. Let a = o - -43. Calculate the highest common factor of a and 2.
2
Let y be (-2 + 2)/(-2 - -1). Let c be 29 - -1*(1 - y). What is the greatest common divisor of 12 and c?
6
Suppose 3*n = -2*n - 20, -2*w - 96 = 4*n. Let q = -27 - w. Suppose 23 = 3*z - q. What is the greatest common divisor of z and 4?
4
Let s(u) = u**2 - 3*u - 2. Let z be s(3). Let r be z/9 - (-2020)/18. What is the greatest common factor of 14 and r?
14
Suppose -t - 1152 = -5*t. What is the greatest common divisor of t and 32?
32
Let v be (-32)/(-3)*153/68. What is the highest common factor of 12 and v?
12
Suppose -w + 0*w = -2. Let a be w*(-3)/6*-9. Let b be a*2 + 0/2. Calculate the highest common divisor of 27 and b.
9
Let s be (4 - 3)/(1/5). Let q = 7 - s. Let d be (4/(-6))/(q/(-72)). What is the highest common factor of 16 and d?
8
Let p = -2 + 4. Suppose 3*a + l - 15 = -3*l, p*a + 3*l = 10. Let d be (a - (-2 - -2)) + 3. What is the highest common factor of d and 2?
2
Suppose 532 = -t + 8*t. What is the highest common divisor of 38 and t?
38
Let l = 10 + 45. Let d = -30 - -17. Let g = d + 24. Calculate the greatest common divisor of l and g.
11
Let n be (-32)/(-6) - 1/3. Suppose 2*f - 132 = f + h, 0 = -4*f + n*h + 524. Suppose 4*c = 26 + 42. What is the highest common divisor of f and c?
17
Suppose q - v = -3*q - 605, -751 = 5*q + 4*v. Let w = -298 - q. Let j = 219 + w. Calculate the highest common divisor of 8 and j.
8
Let a(p) = 25*p - 1. Let m be a(1). Calculate the highest common divisor of m and 3.
3
Let s(l) = 2*l**3 - 2*l**2 - 3*l - 1. Let c be s(-2). Let v be -2 - (0 - (3 - c)). Calculate the greatest common divisor of 160 and v.
20
Let z be (-8 + 10)/((-51)/(-50) - 1). Calculate the greatest common divisor of 20 and z.
20
Let m(x) = -x + 3. Let l be m(-7). Suppose l = -0*b + 2*b. Suppose -b*o + 2*h + 156 = 0, -27 = -3*o + 4*h + 61. What is the highest common factor of o and 4?
4
Let z(d) = d**3 + 5*d**2 - 2*d + 5. Let f be z(-6). Let o = f + 49. What is the highest common divisor of 12 and o?
6
Let u = 7 - -74. What is the highest common divisor of u and 9?
9
Let h = 508 - 466. Let i be (14/5)/((-1)/(-10)). What is the highest common factor of i and h?
14
Let m(u) = 47*u**2 - 3*u. Let y be m(2). What is the greatest common divisor of y and 26?
26
Let b(s) = -16*s - 1. Let q be b(-1). Let p = 22 - q. What is the highest common factor of p and 42?
7
Suppose 0 = b - 6*b. Suppose b*h - 2*h + m = 20, -h - 10 = -4*m. Let s = -3 - h. Calculate the highest common factor of s and 1.
1
Let s be (468/10)/((-5)/(-25)). What is the highest common divisor of s and 26?
26
Let f = 13 - 8. Suppose 43 = f*m - 42. Calculate the greatest common factor of 17 and m.
17
Suppose 0 = 2*b + 3 - 33. Let s(y) = 13*y**3 - y**3 - 4*y**3 - y + b*y**3. Let g be s(1). Calculate the greatest common factor of g and 2.
2
Suppose m + 55 = 3*w, 40 - 2 = 2*w - m. Suppose -w = -i + 2. Let j be (-1)/3 + (-230)/(-6). Calculate the greatest common divisor of j and i.
19
Suppose -17*r + 176 = -45. Calculate the highest common factor of r and 156.
13
Suppose 3*d + 7 + 7 = 5*c, 2*c + d = -1. Let v = 10 + -1. What is the highest common factor of c and v?
1
Let k be (43/3)/(0 + 5/15). What is the highest common factor of k and 172?
43
Let d = -3 + 4. Let y(w) = -w**3 - 5*w**2 - 3*w + 5. Let h be y(-4). Calculate the highest common factor of d and h.
1
Suppose -3*c + 4*d = 11, c - 2 = 2*d - 9. Let t be 1*(7 + (2 - c)). Calculate the greatest common factor of t and 15.
3
Let g = 46 + -33. Let f = 3 - 6. Let v(r) = 12*r**2 + r - 1. Let u be v(f). Calculate the highest common factor of u and g.
13
Let g = -484 + 2128. Let v be g/18 + (-4)/(-6). What is the highest common factor of v and 23?
23
Let h(m) = 5*m**2 + 2. Let z be h(2). Suppose 4*n - 5*n = -44. Suppose x = -x + n. What is the highest common divisor of x and z?
22
Suppose 308 + 448 = 5*n - t, -172 = -n - 5*t. Suppose 4*g = -2*k + 38, 0 = -3*k - 2*g + 4*g + 57. Calculate the greatest common factor of n and k.
19
Let l be (-2)/(-1 - (-3)/9). Suppose -l*s + 35 = -1. What is the greatest common factor of 36 and s?
12
Let f(o) = -o**3 + 7*o**2 + o - 3. Let r be f(7). Suppose -r*b + 115 = b. Calculate the highest common factor of b and 115.
23
Suppose 3*w = -j + 364, 0*j - 3*j = -w - 1052. What is the highest common factor of 44 and j?
44
Let d(p) be the third derivative of p**5/20 + 5*p**4/24 + 2*p**3/3 + 3*p**2. Let u be d(-2). Calculate the highest common factor of 2 and u.
2
Let q be -4 + (3 - -3)/2. Let d be (-7)/((0 + q)*1). Calculate the highest common factor of 7 and d.
7
Let k be 50/(-3)*114/(-95). Calculate the greatest common factor of 120 and k.
20
Let b(y) = 6*y + 12. Let v be b(13). Calculate the highest common divisor of 10 and v.
10
Suppose 0 = -4*s + 5*s - 13. Let p = s + 3. Calculate the highest common factor of p and 176.
16
Let x be (2 - -2)/((-6)/9). Let c = -6 - x. Let u be 2 + (-2 + c)/2. Calculate the greatest common divisor of u and 4.
1
Suppose -2*c + 3*y = -536, 2*c - y = -0*c + 528. Let a = c - 82. What is the greatest common divisor of 20 and a?
20
Suppose -t + 3*r - 60 = -3*t, -4*t - 5*r + 118 = 0. Suppose -i - t = -76. What is the highest common factor of 7 and i?
7
Let d(k) = 2*k**3 - 7*k**2 - 8*k - 1. Let o be d(7). Let m(t) = -8*t - 6. Let b be m(-4). Calculate the highest common divisor of o and b.
26
Let s = 12 + -7. Let k(l) = -5 + s - 7*l. Let d be k(-2). Calculate the greatest common factor of d and 28.
14
Suppose -22 = 2*w - 4*w. Calculate the highest common divisor of 88 and w.
11
Let u = 46 + -24. What is the highest common factor of 22 and u?
22
Let s = -4 - 0. Let z be (2 - -1) + s + 2. Let f be (z - 0)/(-1)*-98. Calculate the highest common divisor of f and 14.
14
Suppose -y + 6*y - 40 = 0. Suppose 4 - 20 = -q. What is the highest common divisor of y and q?
8
Let u = -50 - -57. What is the greatest common factor of u and 84?
7
Let c(b) = -b**3 - 6*b**2 - 5*b - 7. Let a be c(-5). Let u be -28*2/(a + -1). Calculate the greatest common divisor of u and 56.
7
Let p = 60 + -36. Let f(t) = 5*t**2 + 3*t + 2. Let z be f(-3). Let h = z + -22. What is the highest common factor of p and h?
8
Let f(x) = 3*x**3 - 6*x**2 + 6*x - 6. Let o be f(4). What is the greatest common factor of 19 and o?
19
Suppose 6*f = 3*f - 3*j + 579, -f = -j - 185. What is the highest common factor of 42 and f?
21
Let x = -131 + 191. Calculate the highest common divisor of 12 and x.
12
Let w = -13 + 29. Let y be -1*1/(-2)*0. Let k = 2 - y. Calculate the highest common divisor of w and k.
2
Let m be 4 + 5/(20/304). What is the highest common factor of 16 and m?
16
Let i(l) = l**3 + 18*l**2 + 15*l - 15. Let o be i(-17). Calculate the highest common divisor of 76 and o.
19
Suppose 25 = 2*a - v, 0*a - 30 = -2*a + 2*v. Suppose 0 = -3*k + 18 + 102. What is the highest common divisor of k and a?
10
Let k be (70/25 - 4)/((-2)/15). Suppose 3*g = 3*l - 234, 3*g = 3*l + 5*g - 249. What is the highest common factor of l and k?
9
Let w(p) = p + 16. Let h be w(-8). What is the greatest common divisor of h and 8?
8
Suppose -p + 4 = 2. Suppose 4*d - 3*v - 1 = -0*d, 3*d = p*v. Let t be (6/18)/(d/(-6)). What is the highest common divisor of t and 5?
1
Suppose 3*j + 8 = 5*h, j - 3*h - 4 = -3*j. What is the highest common factor of j and 10?
2
Let q(w) = -12*w + 6. Let t be q(-6). Suppose 3*f - 6*f = -t. Calculate the greatest common divisor of f and 26.
26
Suppose 2*h - 72 = 4*h. Let u be (h/7)/(6/(-21)). What is the highest common factor of u and 45?
9
Let p be -1 - 0 - (0 + -121). Calculate the greatest common factor of 15 and p.
15
Let g(f) = -f**3 - 4*f**2 + 6*f + 4. Let b be g(-5). Let h = b + 7. Calculate the highest common divisor of 42 and h.
6
Suppose 3*o + 19 = -2*x + 53, 2*o - 5*x - 10 = 0. Calculate the highest common divisor of 190 and o.
10
Let m(n) = 11*n - 1. Let w(o) = -o**3 + 4*o**2 + 5*o + 1. Let z be w(5). Let q be m(z). What is the highest common divisor of 25 and q?
5
Suppose d - 3 = -13. Let i = d + 17. What is the highest common divisor of i and 7?
7
Suppose -69 - 146 = 5*u. Let h = -